7?
0
Let b = 28 + -22. Let p = -277 + 370. Suppose b*m = 33 + p. Calculate the remainder when m is divided by 7.
0
Suppose -4*u + 15 = 5*y, -2*u - 12 = 2*y - 6*y. Suppose 0 = 4*k + y*t - 144, 0*k = -5*k + 4*t + 211. What is the remainder when 103 is divided by k?
25
What is the remainder when 435 is divided by (-3577)/(-42) + (-1)/((-30)/(-65)) + 2?
10
Let h(z) = -z**3 - 29*z**2 + 153*z - 148. Calculate the remainder when h(-34) is divided by 54.
52
Let i(a) = -94*a + 818. Calculate the remainder when 246 is divided by i(8).
48
Let u(j) = j + 25. Let w be (8/(-4) - -4) + 0. Calculate the remainder when (-3 + (0 - -100))*2/w is divided by u(0).
22
Suppose 11 = 44*o - 43*o. Suppose -10*b + 4*n = -o*b + 147, -n - 467 = -3*b. Calculate the remainder when b is divided by 40.
35
Let b(o) = -o**2 + 124*o. Calculate the remainder when 825 is divided by b(7).
6
Let b = -54 - -67. Calculate the remainder when 1920 is divided by b.
9
Let j = 430 - 36. Let r = -28065 - -28101. What is the remainder when j is divided by r?
34
Let q be (12/8)/(3/3368). Let j(r) = r**2 - 2*r - 11. Calculate the remainder when 4/18 - q/(-36) is divided by j(7).
23
Suppose -n = 4*d - 12, -n - 4*d + 3 = -3*d. Let v(q) = q**3 + q**2 + 12*q + 54. Calculate the remainder when v(n) is divided by 19.
16
Let z = 11 - 8. Let g = -11365 - -11422. Suppose -g = -4*r + z. Calculate the remainder when 44 is divided by r.
14
Suppose -3*k + 590 = 12*k - 5*k. Suppose -7*x = -2*x - 120. Suppose 5*j = 124 - x. What is the remainder when k is divided by j?
19
Let v = -11 + 128. Calculate the remainder when v is divided by -8*(-21)/6 - 8/2.
21
Calculate the remainder when 196 is divided by ((-133)/(-21) - 5)/(1/51).
60
What is the remainder when 1361 is divided by 0*(-5)/20 + (-1160)/(-40)?
27
Calculate the remainder when 25249 is divided by (102/136)/((-2 - 3)/(-60)) - -41.
49
Let p(x) = -x**3 + 20*x**2 - 11*x - 404. What is the remainder when 254 is divided by p(18)?
24
Suppose 4*s + 21 = 9. Let w(o) = o + 2. Calculate the remainder when (-153)/54 - s - (-394)/12 is divided by w(7).
6
Let w(p) = 5*p**3 - 41*p**2 + 19*p + 6. Suppose 0 = 45*s - 49*s + 32. What is the remainder when 294 is divided by w(s)?
12
Let m = 5983 - 5314. What is the remainder when m is divided by 27?
21
Let i = 484 - 290. Let v(t) = -9*t - 13. Calculate the remainder when i is divided by v(-4).
10
What is the remainder when 1612/(-130)*790/(-4) is divided by 43?
41
Let g(l) = l**2 + 29*l + 85. Let v be g(-3). Let s(z) = z**3 - 6*z**2 - z + 2. What is the remainder when 172 is divided by s(v)?
40
Let q = -2150 - -2265. Calculate the remainder when 1493 is divided by q.
113
Let y be 1*-31 - (8 - 6). Calculate the remainder when 80 is divided by -5 + 2 - (y + -13).
37
Calculate the remainder when 623 is divided by 5*21/(-210)*(-594 - -2).
31
Suppose 107*r - 102*r - 425 = 0. Suppose 2*v = -310 + 1154. What is the remainder when v is divided by r?
82
Suppose -88 = 295*d - 589*d + 292*d. What is the remainder when 518 is divided by d?
34
Let p = -3653 + 3726. Suppose 4*j - 2*u + 4*u = -2, -3*u + 3 = 0. What is the remainder when p is divided by j/((-4)/76) - 0?
16
Let b(k) = 6372*k + 24. Let a = 13 - 9. Calculate the remainder when b(0) is divided by a.
0
Suppose 5*d - 43 = -8. Let p be (30/d)/(6/(-42)). Calculate the remainder when 1888/240 + (-4)/p is divided by 5.
3
Suppose -2*v - 2*n - 64 = -6*v, 3*v - 58 = -n. Let s(j) = j + 0*j - 4*j + 13 + j**2 - 6*j. Calculate the remainder when s(11) is divided by v.
17
Let t = 52 - 17. Suppose -r + 4*q = -14, -5*r + 0*q - t = q. What is the remainder when -4*(-412)/(-24)*r/4 is divided by 21?
19
Suppose 2*t = -7*t + 27. Suppose -61*r = -51*r - 150. What is the remainder when r is divided by t?
0
Suppose 2*l + 7 - 55 = 0. Suppose -3*h = h - 20. Suppose -79 = -u - 4*y, -3*y - y = h*u - 459. What is the remainder when u is divided by l?
23
Suppose -20 = -2*u + 24. Suppose 0 = 5*h - 9 + 89. Calculate the remainder when u is divided by 4/(2*(-4)/h).
6
Suppose -374*i + 90300 = 22980. What is the remainder when 859 is divided by i?
139
Let j be 14 + 110 + (-2 + -2)/1. Let o = j + -93. Calculate the remainder when 95 is divided by o.
14
Calculate the remainder when 2659 is divided by -2*-6*(14 - 11).
31
Suppose -f + 55 = -3*y, 4*f - y + 62 = 249. Let v = 46 + 17. Let b = v - f. Calculate the remainder when 100 is divided by b.
15
Let w = -60 + 102. Let k(l) = l**3 - 6*l**2 - 11*l + 28. Let o be k(7). Suppose 18*d + 4*d - 484 = o. What is the remainder when w is divided by d?
20
Let l(v) = -81*v - 278. Let d = 32 - 36. Calculate the remainder when l(d) is divided by 27.
19
Let t(z) = -z**3 + 36*z**2 + 40*z - 50. Let m = 530 - 493. What is the remainder when t(m) is divided by 30?
1
Suppose 150*c - 280*c + 321620 = 0. What is the remainder when c is divided by 801?
71
Let d be (-2)/(-3) + (-8)/3. Suppose 27 = 4*m - 949*q + 952*q, -m = -q + 2. What is the remainder when d/m*(-33)/2 is divided by 6?
5
Let f(g) = -9*g + 229. Let v be f(25). Suppose -5*p = 2*h - 560, 3*p + v*h + 159 - 509 = 0. What is the remainder when p is divided by 35?
5
Let p(d) = 180*d**2 + d + 7. Let z be p(-1). Let l be (-122)/(-4)*2/1. Let t = z - l. Calculate the remainder when t is divided by 16.
13
Let i be (-12)/18*(-93)/2*2. Suppose -58*v + 124 = -i*v. Let s = v - -155. What is the remainder when s is divided by 9?
7
Suppose 11*q - 273 = 4*q. Calculate the remainder when q is divided by 5/((-10)/8) - -12.
7
Let k(s) = 11*s**2 - 3*s - 3. Suppose -3*y + 2*p = -y + 8, 5*p - 16 = 3*y. What is the remainder when k(y) is divided by (-3)/(4 + 515/(-125))?
22
Let i = 790 + -498. Calculate the remainder when 94 is divided by i/36 + (-4)/36.
6
Let t(k) = 3*k**2 - 232*k + 750. Calculate the remainder when 1929 is divided by t(74).
9
Suppose 7*n - 5*n + 96 = 0. Let r = 50 + n. Suppose 4*l - 36 = -r*s, -5*l + 0*l + s + 38 = 0. Calculate the remainder when 13 is divided by l.
5
Suppose 4*y - 5*i = 879, 69*y - 71*y - 5*i = -387. What is the remainder when 863 is divided by y?
19
Let i = -6281 - -6278. Let l(s) = -15*s**2 - 21*s - 1. Let h(x) = 7*x**2 + 11*x. Let t(q) = -9*h(q) - 4*l(q). What is the remainder when 63 is divided by t(i)?
19
Suppose -50 = 3*c - 47, 3*o = c + 79. Calculate the remainder when 231 is divided by o.
23
Let h be (-4)/(7/((-7)/2)). Suppose -6*j = -0 + 12. What is the remainder when 30 is divided by h + j - 2 - (0 - 10)?
6
Suppose -3*t = 3*o - 138, 203 = -84*t + 89*t - 4*o. Let f = -322 + 533. What is the remainder when f is divided by t?
39
Let o(w) = 69*w + 71. Suppose -8*v + 90 = -2*v. Calculate the remainder when o(2) is divided by v.
14
Let x(i) = 185*i - 45319. Let c = -191 + 308. What is the remainder when c is divided by x(245)?
3
Let v(s) = s**2 + 19*s - 29. Let a = 855 + -877. What is the remainder when 143 is divided by v(a)?
32
Let f(g) = -1. Let q(t) = -87*t + 7. Let b(c) = -5*f(c) - q(c). What is the remainder when b(2) is divided by 59?
54
Suppose 0 = 11*k + 1163 + 575. Let l = 11 - k. What is the remainder when l is divided by 25?
19
Calculate the remainder when 2991 is divided by (((-18564)/(-130))/(-42))/(2/(-40)).
67
What is the remainder when ((-808)/6)/((-27)/18*(-12)/(-162)) is divided by 602?
8
Suppose -110*x + 1501 = -91*x. Calculate the remainder when 136 is divided by x.
57
Suppose 3*o + 608 = 5*j, -3*o - 485 + 821 = 3*j. Calculate the remainder when j is divided by 15.
13
Let v(f) = f**2 + 6*f + 8. Suppose -3*u + 4 = -2*d - 15, -3*d - 15 = 0. Let o be (-5)/u + (-250)/75. Calculate the remainder when 12 is divided by v(o).
0
Suppose 4*k = -15*f + 7*f + 156, -5*k + 5*f + 90 = 0. Calculate the remainder when 1232 is divided by k.
7
Suppose -2*c - 20*c = 623 - 3571. What is the remainder when 155 is divided by c?
21
Let q = 18092 + -17984. Calculate the remainder when 448 is divided by q.
16
Let n(s) = -2*s**2 + 177*s - 1724. Calculate the remainder when n(70) is divided by 90.
56
Let i = -205 - -201. What is the remainder when i/6*((-4276)/8 - 4) is divided by 24?
23
Let g = 7028 - 6305. What is the remainder when g is divided by 66?
63
Suppose 63 = j - 2*d, -j + 11*d + 89 = -19. What is the remainder when 91 is divided by j?
38
Let u(c) = -5*c - 45. Let d(t) = -33*t + 181. Let i b